False
Let j = 49196 + 75755. Is j a composite number?
False
Let n(q) = q**2 - 8*q + 1. Let i be n(8). Let t be (-11 - -12) + i/(1/(-27)). Let p = 139 + t. Is p prime?
True
Suppose 86*m = 8054365 - 150191. Is m a prime number?
True
Let d be 84 + 1/((-2)/(-4)). Let q be (-73 - -65) + -4*-1*2. Suppose -j + 179 + d = q. Is j composite?
True
Suppose -27518 = -3*i + 16471. Let o = -9276 + i. Is o a composite number?
False
Suppose -5*p + 5*u - 25 = 5, -5*p - 15 = -2*u. Is (-2)/(-4)*(-6326)/p composite?
False
Let y = -379 - -7116. Is y composite?
False
Let m(i) = -924*i - 353. Is m(-8) a prime number?
True
Let z = 936 + 4550. Suppose 0 = 11*l - 9*l - z. Is l composite?
True
Let k(j) = 2767*j + 85. Let h(o) = 5536*o + 170. Let z(r) = -4*h(r) + 9*k(r). Is z(2) a prime number?
False
Suppose -8179 + 79333 = -6*c. Let v = 17082 + c. Is v prime?
False
Suppose -5*q + q + 4*v + 16 = 0, -4*q = -v - 10. Suppose q*y = -4*y + 1386. Let x = 452 - y. Is x composite?
True
Suppose 0 = -3*c + r + 18977, 0 = 5*c + r - 6765 - 24866. Let p = 14679 - c. Is p a prime number?
True
Is (50431/(-2) - 1)/((-7935)/153410) a prime number?
False
Let v(s) = -2278*s - 272. Let r(t) = 757*t + 91. Let d(x) = -7*r(x) - 2*v(x). Is d(-4) a composite number?
False
Suppose 3*m + 127769 = a, -a + 32*m - 37*m = -127817. Is a a composite number?
True
Is 147758/6*((-1)/9 - (-448)/144) prime?
False
Let n(l) = 2*l**2 + 79. Let d be n(-18). Suppose -f - 2929 = 2*o - 6*o, 2*f = o - d. Is o a composite number?
False
Let v(s) = -7*s**2 + 185*s + 188*s - 368*s + 6 + 13*s**3. Let j be (-32)/(-4) + 1*-3. Is v(j) a composite number?
False
Let k be (2/4)/((-2)/(-48))*6. Suppose -4*j = k - 1920. Suppose 3*c - 171 - j = 0. Is c a prime number?
True
Let h(q) = -q - 24. Let v be h(8). Let u = 34 + v. Suppose 4*s = 5*s - 2*d - 337, 6 = -u*d. Is s composite?
False
Let z = 53 + -43. Let j be (-896)/(-30) - z/(-75). Is j - 9 - (-6 - -2) prime?
False
Let c(m) = 2*m**3 + 18*m**2 + 11*m - 13. Let o = -316 - -330. Is c(o) composite?
False
Let a(p) = 5*p - 11*p + 1 + 106*p**2 + 9*p + 273*p**2. Let q be a(-2). Suppose 4*b + b + q = 4*l, l + 2*b - 381 = 0. Is l composite?
False
Let i = 38 - 22. Let m(t) = 30*t - 31*t + i*t + 23. Is m(12) a composite number?
True
Is 127029880/55 - 4/22 - 20/4 composite?
True
Suppose 0 = -3*w + 26 + 31. Suppose w*d - 12452 - 9987 = 0. Is d composite?
False
Suppose -c - 3 = -2*u, -7*c = -u - 3*c - 2. Suppose -6*f = -7*f + 2*s + 1841, 3*f = -u*s + 5547. Is f prime?
True
Suppose y + p = 4, 9*y - 14*y + 13 = -2*p. Suppose -5*d + 11*q = 12*q - 9900, 5*q - 5962 = -y*d. Is d a composite number?
False
Let v(c) = c**3 - 13*c**2 - 5*c + 11. Let b be v(13). Let r = 69 + b. Is (-738408)/(-360) - 2/r a prime number?
False
Let y(l) = -5*l**2 - 19*l + 4. Let s be y(-4). Let w = 1681 + -1034. Let t = w + s. Is t a composite number?
False
Suppose 1 = -w, -m + 4*m + 2*w = 22. Let f(b) be the second derivative of 17*b**3/6 - 9*b**2/2 - b. Is f(m) prime?
True
Suppose -9 = -2*p - 3. Suppose -11 = -p*v - n, 2*v - n = 9 - 0. Suppose -936 = -d + 5*f, v*f - 2*f = -4*d + 3766. Is d a composite number?
False
Let m(x) = 14536*x + 25. Let f be m(10). Suppose 4*v - 101591 - f = -3*g, 2*g - 61739 = -v. Is v a prime number?
False
Suppose 14*o - 3968 = 18*o. Let r(x) = 428*x + 13. Let z be r(4). Let w = o + z. Is w a composite number?
False
Let l = 76456 + -44033. Is l composite?
False
Suppose -164358 = -9*m + 54009. Is m prime?
False
Suppose -29*d - 1317246 + 6624623 = 0. Is d prime?
False
Suppose 7*f + 16 = 11*f + 2*a, 0 = -4*f + 2*a. Suppose -3*l - f*l = -c + 3424, -10332 = -3*c + 3*l. Is c prime?
True
Suppose g + 191113 = 3*v, 0 = -10*v + 15*v - 4*g - 318531. Is v composite?
False
Is (-796515)/(-10)*140/105 composite?
True
Suppose 93*s - 1352392 = 85*s. Is s a prime number?
True
Suppose 3*r + 4 = 40. Let s be r/(1 - 1/(-2)). Suppose -4*i + s*i = 764. Is i a prime number?
True
Let c = 597 + -595. Is (6 - c - (-15119 - -1))/2 composite?
False
Suppose 3*m = -2*w + 19, 3 + 9 = -3*w. Let l be 15*(m/(-5) + 2). Suppose 2635 = 4*h + h + 5*f, -5*h + 2639 = l*f. Is h a composite number?
True
Suppose 2083 = 6*m + 4747. Let s = -209 - -387. Let v = s - m. Is v prime?
False
Let v(g) = -6*g**2 + g - 3. Let x be v(-2). Let y = x - -36. Is y + (6 - 3 - 0) composite?
True
Let s = -109723 + 301622. Is s composite?
False
Let l be (3 - (-10)/(-4))/((-2)/(-16)). Suppose 5345 = 5*h - 2*t, 3*t + 2902 + 1374 = l*h. Is h a composite number?
False
Let f = -4802 + 2289. Let j = -1168 - f. Is j composite?
True
Let a be (-2)/(1 + -11) + 372/15. Suppose -h - a = -6*h, 3469 = 2*b + 3*h. Is b a prime number?
False
Suppose -2*o = 3 - 7. Suppose 4*j + o*j = 24. Suppose -865 - 651 = -j*y. Is y a prime number?
True
Let y(h) = h**3 - 11*h**2 + 23*h - 121. Let k be y(29). Suppose -5*n + 3639 - 9908 = -2*a, 5*a = n + k. Is a a prime number?
True
Suppose 2*l = -3*d + 93248 + 27641, -2*l + 2*d = -120884. Is l prime?
True
Let r be (-607)/(-2)*6 - (2 - 2). Let v = 447 - r. Let p = -251 - v. Is p composite?
False
Is ((-35402871)/(-33))/7 - (-2)/(-11) a composite number?
False
Let f be 92094/14 + (-7)/(-98)*-2. Suppose 33*m - 11*m = f. Is m a prime number?
False
Let n(b) = -b**3 - 3*b**2 - 2*b + 9. Let f be n(-3). Suppose 0 = -5*y + 2*y - f. Is 4909/1*4/((-20)/y) composite?
False
Suppose 104*v - 43*v - 3599420 = 41*v. Is v composite?
True
Let g(b) = 14*b + 15. Let v be g(-1). Is -3*(-57357)/27*v composite?
False
Let k(j) = -26*j - 21*j + 253*j**2 + 12 + 70*j - 29*j. Is k(-7) prime?
True
Let w = 5251 - -285246. Is w a prime number?
True
Let z = 6104 + 10239. Suppose 5*d = 18212 + z. Is d a composite number?
False
Suppose 4*l = 4*q + 1132, l + 3*l + 258 = -q. Let p = -39 - q. Is p composite?
False
Let v(a) = 5889*a**2 - 3*a + 3. Suppose 4*d = -4 + 8. Let o be v(d). Suppose 0 = 4*w - m + 2*m - o, w + 3*m - 1486 = 0. Is w prime?
True
Suppose 2*k + 1517 = 6619. Let x = 2258 + -780. Let r = k - x. Is r a prime number?
False
Let r be (6/5)/3*40/16. Let q(a) = 7239*a + 8. Is q(r) a prime number?
True
Is -23993*(-10 + 6 + -3) a composite number?
True
Suppose 3*x - 26 = -4*i + 3*i, -2*i = -2*x - 36. Suppose i*v - 21903 = -v. Is v a composite number?
True
Suppose -65 = -4*r + 5*l, 5*r + 5*l = -53 + 78. Is (-9 + 104/r)/(1/2435) prime?
False
Suppose p = 4*r - 42, 2*r - 11*p + 8*p = 26. Let v(b) = 1964*b + 99. Is v(r) composite?
False
Is 41698*(570/(-760))/(6/4*-1) prime?
True
Suppose 2*h + 3 = 3*h. Suppose 3*y - h*b = 744, -y + 2*b - 5*b + 260 = 0. Is y composite?
False
Let z(a) = 27740*a - 9659. Is z(27) composite?
True
Let p(s) be the second derivative of -43*s**3 - 23*s**2/2 - 28*s. Let q be p(-2). Suppose i - 2*i = 2, 3*i - q = -c. Is c a prime number?
True
Let v = -37 - -42. Suppose -3*b + v = -25. Suppose -5*r = -b*r + 5*t + 2060, -2*r = 5*t - 803. Is r a prime number?
True
Let y = 821030 + -149823. Is y composite?
True
Let k(o) = 1931*o**2 + 85*o + 1. Is k(3) prime?
False
Suppose 3*y - 5*o = 1321175, -2*o + 440387 = y - 6*o. Is y prime?
False
Suppose -14*k + 27 + 57 = 0. Suppose 0 = 3*d - 4*y - 7, 4*d + 0 - k = 2*y. Is d + 2974/4 - (-36)/(-24) composite?
False
Let v = -2669 - -5017. Let n(j) = j**3 + 6*j**2 + j + 7. Let c be n(-6). Is (c/1)/(4/v) prime?
True
Suppose 0 = -3*w + 2*x + 4152237, 55*w - 3*x = 59*w - 5536316. Is w a prime number?
True
Suppose 50*l - 88*l + 24530175 = 97*l. Is l a composite number?
True
Let v = 259118 - 173967. Is v a composite number?
True
Let q(o) = -o + 1. Let a(m) = 63*m - 15. Let c(g) = a(g) - 2*q(g). Let k be c(4). Let x = k - 56. Is x prime?
False
Is (10 + 247/(-26))*116354 a prime number?
False
Let r(n) = 30*n + 9. Let q be r(-2). Let g = 55 + q. Is ((-2)/g)/(1/(-2722)) a prime number?
True
Suppose 3*m = 12, 58*u - 56*u + 2*m = 571750. Is u a composite number?
False
Let a be (-6)/(0 + -6 + 3). Let h be (a/2*-1)/((-10)/(-270)). Is (-9)/(-6)*3/(h/(-5118)) a composite number?
False
Let p(l) = 112*l**2 + 51*l - 164. Is p(29) prime?
True
Let b(f) = 11071*f**3 + 7*f**2 - 10*f + 3. Suppose 4*c - 26 = -22*c. Is b(c) composite?
False
Let j = -17877 - -49039. Is j prime?
False
Let v(j) = -2*j**3 - 117*j**2 - 218*j + 265. Is v(-78) prime?
False
Let a(b) = 2159*b + 34. Let q be a(10). Suppose -18*j + 13188 = -q. Is j composite?
True
Suppo